{"id":8699,"date":"2026-05-08T14:40:14","date_gmt":"2026-05-08T12:40:14","guid":{"rendered":"https:\/\/missionfleetawards.it\/?page_id=8699"},"modified":"2026-05-08T14:42:27","modified_gmt":"2026-05-08T12:42:27","slug":"simone-boeretto-eismann-operations-director","status":"publish","type":"page","link":"https:\/\/missionfleetawards.it\/index.php\/giuria-2026\/simone-boeretto-eismann-operations-director\/","title":{"rendered":"Simone Boeretto | Eismann | Operations Director"},"content":{"rendered":"\n<p>Operations Director con oltre 25 anni di esperienza nella gestione di flotte complesse (800+ veicoli), risk management integrato e facility management. Specializzato nella riduzione dei costi operativi, nella transizione ecologica e nella digitalizzazione dei processi aziendali. Ha costruito da zero piani assicurativi aziendali e mutualistici, guidato progetti di innovazione tecnologica e gestito contratti multimilionari con fornitori internazionali. Riconosciuto per la capacit\u00e0 di leadership su team cross-funzionali e per la gestione della complessit\u00e0 in contesti ad alta responsabilit\u00e0.<\/p>\n","protected":false},"excerpt":{"rendered":"<p>Operations Director con oltre 25 anni di esperienza nella gestione di flotte complesse (800+ veicoli), risk management integrato e facility management. Specializzato nella riduzione dei costi operativi, nella transizione ecologica e nella digitalizzazione dei processi aziendali. Ha costruito da zero piani assicurativi aziendali e mutualistici, guidato progetti di innovazione tecnologica e gestito contratti multimilionari con&hellip;<\/p>\n","protected":false},"author":4,"featured_media":8700,"parent":8679,"menu_order":0,"comment_status":"closed","ping_status":"closed","template":"template.juror.php","meta":{"ngg_post_thumbnail":0,"footnotes":""},"_links":{"self":[{"href":"https:\/\/missionfleetawards.it\/index.php\/wp-json\/wp\/v2\/pages\/8699"}],"collection":[{"href":"https:\/\/missionfleetawards.it\/index.php\/wp-json\/wp\/v2\/pages"}],"about":[{"href":"https:\/\/missionfleetawards.it\/index.php\/wp-json\/wp\/v2\/types\/page"}],"author":[{"embeddable":true,"href":"https:\/\/missionfleetawards.it\/index.php\/wp-json\/wp\/v2\/users\/4"}],"replies":[{"embeddable":true,"href":"https:\/\/missionfleetawards.it\/index.php\/wp-json\/wp\/v2\/comments?post=8699"}],"version-history":[{"count":2,"href":"https:\/\/missionfleetawards.it\/index.php\/wp-json\/wp\/v2\/pages\/8699\/revisions"}],"predecessor-version":[{"id":8703,"href":"https:\/\/missionfleetawards.it\/index.php\/wp-json\/wp\/v2\/pages\/8699\/revisions\/8703"}],"up":[{"embeddable":true,"href":"https:\/\/missionfleetawards.it\/index.php\/wp-json\/wp\/v2\/pages\/8679"}],"wp:featuredmedia":[{"embeddable":true,"href":"https:\/\/missionfleetawards.it\/index.php\/wp-json\/wp\/v2\/media\/8700"}],"wp:attachment":[{"href":"https:\/\/missionfleetawards.it\/index.php\/wp-json\/wp\/v2\/media?parent=8699"}],"curies":[{"name":"wp","href":"https:\/\/api.w.org\/{rel}","templated":true}]}}