{"id":8692,"date":"2026-05-08T14:31:42","date_gmt":"2026-05-08T12:31:42","guid":{"rendered":"https:\/\/missionfleetawards.it\/?page_id=8692"},"modified":"2026-05-08T14:43:15","modified_gmt":"2026-05-08T12:43:15","slug":"piazzoli-cristina-prysmian-fleet-manager","status":"publish","type":"page","link":"https:\/\/missionfleetawards.it\/index.php\/giuria-2026\/piazzoli-cristina-prysmian-fleet-manager\/","title":{"rendered":"Piazzoli Cristina | Prysmian | Fleet Manager"},"content":{"rendered":"\n<p><\/p>\n\n\n\n<p>Ricopre il ruolo di Fleet Manager da alcuni anni presso l\u2019headquarter di Prysmian, azienda multinazionale con sede a Milano. Lavora nel team Procurement, ricoprendo inoltre il ruolo di Travel Manager.<\/p>\n\n\n\n<p>\u00c8 responsabile della gestione della flotta aziendale a 360 gradi, coordinando le attivit\u00e0 operative del parco veicoli, il rapporto con i fornitori e con gli stakeholder interni ed esterni, nonch\u00e9 l\u2019ottimizzazione dei costi. Contribuisce allo sviluppo e alla progressiva elettrificazione della flotta, in linea con le strategie di mobilit\u00e0 aziendale.<\/p>\n\n\n\n<p>Le sue capacit\u00e0 relazionali costituiscono un elemento chiave del suo profilo professionale, permettendole di gestire con efficacia interlocutori interni altamente esigenti e di sviluppare relazioni di partnership consolidate con i fornitori.<\/p>\n","protected":false},"excerpt":{"rendered":"<p>Ricopre il ruolo di Fleet Manager da alcuni anni presso l\u2019headquarter di Prysmian, azienda multinazionale con sede a Milano. Lavora nel team Procurement, ricoprendo inoltre il ruolo di Travel Manager. \u00c8 responsabile della gestione della flotta aziendale a 360 gradi, coordinando le attivit\u00e0 operative del parco veicoli, il rapporto con i fornitori e con gli&hellip;<\/p>\n","protected":false},"author":4,"featured_media":8693,"parent":8679,"menu_order":3,"comment_status":"closed","ping_status":"closed","template":"template.juror.php","meta":{"ngg_post_thumbnail":0,"footnotes":""},"_links":{"self":[{"href":"https:\/\/missionfleetawards.it\/index.php\/wp-json\/wp\/v2\/pages\/8692"}],"collection":[{"href":"https:\/\/missionfleetawards.it\/index.php\/wp-json\/wp\/v2\/pages"}],"about":[{"href":"https:\/\/missionfleetawards.it\/index.php\/wp-json\/wp\/v2\/types\/page"}],"author":[{"embeddable":true,"href":"https:\/\/missionfleetawards.it\/index.php\/wp-json\/wp\/v2\/users\/4"}],"replies":[{"embeddable":true,"href":"https:\/\/missionfleetawards.it\/index.php\/wp-json\/wp\/v2\/comments?post=8692"}],"version-history":[{"count":2,"href":"https:\/\/missionfleetawards.it\/index.php\/wp-json\/wp\/v2\/pages\/8692\/revisions"}],"predecessor-version":[{"id":8704,"href":"https:\/\/missionfleetawards.it\/index.php\/wp-json\/wp\/v2\/pages\/8692\/revisions\/8704"}],"up":[{"embeddable":true,"href":"https:\/\/missionfleetawards.it\/index.php\/wp-json\/wp\/v2\/pages\/8679"}],"wp:featuredmedia":[{"embeddable":true,"href":"https:\/\/missionfleetawards.it\/index.php\/wp-json\/wp\/v2\/media\/8693"}],"wp:attachment":[{"href":"https:\/\/missionfleetawards.it\/index.php\/wp-json\/wp\/v2\/media?parent=8692"}],"curies":[{"name":"wp","href":"https:\/\/api.w.org\/{rel}","templated":true}]}}