{"id":6626,"date":"2023-05-09T09:41:30","date_gmt":"2023-05-09T07:41:30","guid":{"rendered":"https:\/\/missionfleetawards.it\/?page_id=6626"},"modified":"2023-05-09T09:45:02","modified_gmt":"2023-05-09T07:45:02","slug":"silvio-fornera-fleet-mobility-manager-sammontana","status":"publish","type":"page","link":"https:\/\/missionfleetawards.it\/index.php\/edizione-2023\/giuria-2023\/silvio-fornera-fleet-mobility-manager-sammontana\/","title":{"rendered":"Silvio Fornera | Fleet &#038; Mobility Manager | Sammontana"},"content":{"rendered":"\n<p>Dopo aver completato gli studi universitari in ambito economico ed aver avuto alcune esperienze lavorative, entro a far parte di Sammontana S.p.a nel 2016.<\/p>\n\n\n\n<p><br>Il Gruppo Sammontana \u00e8 il secondo operatore nazionale nel settore della produzione e distribuzione di gelati e leader nazionale nella produzione e commercializzazione di pasticceria surgelata. Nel settore Gelato opera con il marchio proprio Sammontana e con dei marchi in licenza; nel settore Pasticceria opera con i marchi Tre Marie e Il Pasticcere.<br>Dal 2019 ricopro il ruolo di Fleet Manager e gestisco una flotta aziendale di circa 250 mezzi tra veicoli commerciali e autovetture. Svolgo tutte le attivit\u00e0 atte a garantire l\u2019efficienza del parco, redigendo le relative Car-List tenendo conto di aspetti funzionali, economici e di sostenibilit\u00e0\/impatto ambientale.<\/p>\n\n\n\n<p><br>Dal 2021 ricopro anche il ruolo di Mobility Manager che comporta la predisposizione periodica del documento \u201cPiano Spostamento Casa Lavoro\u201d, per tutti e tre gli stabilimenti produttivi aziendali (Empoli, Vinci, Colognola ai Colli) e lo sviluppo di tutte le misure atte ad incentivare la mobilit\u00e0 sostenibile aziendale in esso contenute. Tale ruolo comporta inoltre di gestire le relazioni e le attivit\u00e0 di comunicazione con i soggetti interni coinvolti e con le Autorit\u00e0 Competenti (Comune, Citt\u00e0 Metropolitana, Confindustria, ecc..)<\/p>\n","protected":false},"excerpt":{"rendered":"<p>Dopo aver completato gli studi universitari in ambito economico ed aver avuto alcune esperienze lavorative, entro a far parte di Sammontana S.p.a nel 2016. Il Gruppo Sammontana \u00e8 il secondo operatore nazionale nel settore della produzione e distribuzione di gelati e leader nazionale nella produzione e commercializzazione di pasticceria surgelata. Nel settore Gelato opera con&hellip;<\/p>\n","protected":false},"author":1,"featured_media":6627,"parent":5878,"menu_order":6,"comment_status":"closed","ping_status":"closed","template":"template.juror.php","meta":{"ngg_post_thumbnail":0,"footnotes":""},"_links":{"self":[{"href":"https:\/\/missionfleetawards.it\/index.php\/wp-json\/wp\/v2\/pages\/6626"}],"collection":[{"href":"https:\/\/missionfleetawards.it\/index.php\/wp-json\/wp\/v2\/pages"}],"about":[{"href":"https:\/\/missionfleetawards.it\/index.php\/wp-json\/wp\/v2\/types\/page"}],"author":[{"embeddable":true,"href":"https:\/\/missionfleetawards.it\/index.php\/wp-json\/wp\/v2\/users\/1"}],"replies":[{"embeddable":true,"href":"https:\/\/missionfleetawards.it\/index.php\/wp-json\/wp\/v2\/comments?post=6626"}],"version-history":[{"count":1,"href":"https:\/\/missionfleetawards.it\/index.php\/wp-json\/wp\/v2\/pages\/6626\/revisions"}],"predecessor-version":[{"id":6628,"href":"https:\/\/missionfleetawards.it\/index.php\/wp-json\/wp\/v2\/pages\/6626\/revisions\/6628"}],"up":[{"embeddable":true,"href":"https:\/\/missionfleetawards.it\/index.php\/wp-json\/wp\/v2\/pages\/5878"}],"wp:featuredmedia":[{"embeddable":true,"href":"https:\/\/missionfleetawards.it\/index.php\/wp-json\/wp\/v2\/media\/6627"}],"wp:attachment":[{"href":"https:\/\/missionfleetawards.it\/index.php\/wp-json\/wp\/v2\/media?parent=6626"}],"curies":[{"name":"wp","href":"https:\/\/api.w.org\/{rel}","templated":true}]}}