{"id":656,"date":"2016-02-15T17:41:37","date_gmt":"2016-02-15T16:41:37","guid":{"rendered":"http:\/\/missionfleetawards.it\/?page_id=656"},"modified":"2022-06-06T16:16:13","modified_gmt":"2022-06-06T14:16:13","slug":"cookie-policy","status":"publish","type":"page","link":"https:\/\/missionfleetawards.it\/index.php\/cookie-policy\/","title":{"rendered":"Cookie Policy"},"content":{"rendered":"<p>Newsteca srl (\u201cSociet\u00e0\u201d) fornisce di seguito le informazioni relative ai dati di navigazione e al funzionamento dei cookie, all\u2019interno del sito www.missionfleetawards.it (\u201cSito\u201d), anche sulla base delle indicazioni fornite dal Garante per la protezione dei dati personali.<\/p>\n<p>L\u2019informativa che segue \u00e8 resa per il Sito e non anche per altri siti web di soggetti terzi eventualmente consultati dall\u2019utente tramite link.<\/p>\n<p>La presente Cookie Policy va letta in aggiunta all\u2019Informativa Privacy reperibile al seguente link https:\/\/missionfleetawards.it\/index.php\/privacy-e-trattamento-dati\/&nbsp;a cui si rinvia per ogni altra informazione sul trattamento dei dati personali.<\/p>\n<div class=\"cli_user_consent_state\">Il tuo stato attuale: Non \u00e8 stato concesso alcun consenso. <a class=\"cli_manage_current_consent\" style=\"cursor:pointer;text-decoration:underline;\">Gestisci il tuo consenso.<\/a> <\/div>\n<h3>Dati di navigazione e cookie<\/h3>\n<ul>\n<li><strong>Dati di navigazione<\/strong><\/li>\n<\/ul>\n<p>I sistemi informatici e le procedure software preposte al funzionamento del Sito acquisiscono, nel corso del loro normale esercizio, alcuni dati personali la cui trasmissione \u00e8 implicita nell\u2019uso di protocolli di comunicazione di Internet.<\/p>\n<p>Si tratta di informazioni che non sono raccolte per essere associate a persone identificate, ma che per loro stessa natura potrebbero, attraverso elaborazioni ed associazioni con dati detenuti da terzi, permettere di identificare gli utenti.<\/p>\n<p>In questa categoria di dati rientrano gli indirizzi IP o i nomi a dominio dei computer utilizzati dagli utenti che si connettono al Sito, gli indirizzi in notazione URI (Uniform Resourse Identifier) delle risorse richieste, l\u2019orario della richiesta, il metodo utilizzato nel sottoporre la richiesta al server, la dimensione del file ottenuto in risposta, il codice numerico indicante lo stato di risposta data dal server (buon fine, errore etc.) ed altri parametri relativi al sistema operativo e all\u2019ambiente informatico dell\u2019utente.<\/p>\n<p>Questi dati vengono utilizzati al solo fine di ricavare informazioni statistiche anonime sull\u2019uso del Sito e per controllarne il corretto funzionamento e vengono cancellati immediatamente dopo l\u2019elaborazione.<\/p>\n<p>I dati potrebbero essere utilizzati per l\u2019accertamento di responsabilit\u00e0 in caso di ipotetici reati informatici ai danni del Sito: salvo questa eventualit\u00e0, i dati stessi sono conservati per i tempi definiti dalla normativa legale di riferimento o, in linea generale, per il tempo strettamente necessario a fornire all\u2019utente il servizio richiesto a garantire la trasmissione della comunicazione.<\/p>\n<ul>\n<li><strong>Cookie<\/strong><\/li>\n<\/ul>\n<p>I cookie sono di regola stringhe di testo che i siti web (cd. publisher o \u201cprima parte\u201d) visitati dall\u2019utente ovvero siti o web server diversi (cd. \u201cterze parti\u201d) posizionano ed archiviano \u2013 direttamente, nel caso dei publisher e indirettamente, cio\u00e8 per il tramite di questi ultimi, nel caso delle \u201cterze parti\u201d \u2013 all\u2019interno di un dispositivo terminale nella disponibilit\u00e0 dell\u2019utente medesimo. I terminali cui ci si riferisce sono, ad esempio, un personal computer, un tablet, uno smartphone, ovvero ogni altro dispositivo in grado di archiviare informazioni.<\/p>\n<p>I software per la navigazione in internet ed il funzionamento di questi dispositivi, ad esempio i browser, possono memorizzare i cookie e poi trasmetterli nuovamente ai siti che li hanno generati in occasione di una successiva visita del medesimo utente, mantenendo cos\u00ec memoria della sua precedente interazione con uno o pi\u00f9 siti web.<\/p>\n<p>Le informazioni codificate nei cookie possono includere dati personali, come un indirizzo IP, un nome utente, un identificativo univoco o un indirizzo e-mail, ma possono anche contenere dati non personali, come le impostazioni della lingua o informazioni sul tipo di dispositivo che una persona sta utilizzando per navigare nel sito.<\/p>\n<p>I cookie possono dunque svolgere importanti funzioni tra le pi\u00f9 disparate, compresi l\u2019esecuzione di autenticazioni informatiche, il monitoraggio di sessioni, la memorizzazione di informazioni su specifiche configurazioni riguardanti gli utenti che accedono al server, l\u2019agevolazione nella fruizione dei contenuti online etc. Possono ad esempio essere impiegati per tenere traccia degli articoli in un carrello degli acquisti online o delle informazioni utilizzate per la compilazione di un modulo informatico. I cookie cd. \u201cdi autenticazione\u201d sono di particolare importanza ogni qualvolta sia necessaria una verifica in ordine al soggetto che accede a determinati servizi, come ad esempio quelli bancari. Se da un lato \u00e8 tramite i cookie che \u00e8 possibile consentire, tra l\u2019altro, alle pagine web di caricarsi pi\u00f9 velocemente, come pure instradare le informazioni su una rete \u2013 in linea dunque con adempimenti strettamente connessi alla operativit\u00e0 stessa dei siti web -, sempre attraverso i cookie \u00e8 possibile anche veicolare la pubblicit\u00e0 comportamentale (c.d. \u201cbehavioural advertising\u201d) e misurare poi l\u2019efficacia del messaggio pubblicitario.<\/p>\n<h3>Tipologie di cookie<\/h3>\n<p>I cookie possono avere caratteristiche diverse sotto il profilo temporale e dunque essere considerati in base alla loro durata (di sessione o permanenti), ovvero dal punto di vista soggettivo (a seconda che il publisher agisca autonomamente o per conto della \u201cterza parte\u201d). Tuttavia la classificazione che risponde principalmente alle esigenze di tutela dell\u2019utente \u00e8 quella che si basa su due macro categorie:<\/p>\n<ul>\n<li>i cookie tecnici, utilizzati al solo fine di \u201ceffettuare la trasmissione di una comunicazione su una rete di comunicazione elettronica, o nella misura strettamente necessaria al fornitore di un servizio della societ\u00e0 dell\u2019informazione esplicitamente richiesto dal contraente o dall\u2019utente a erogare tale servizio\u201d (cfr. art. 122, comma 1 del Codice Privacy); questi cookie possono essere installati sul terminale dell\u2019utente senza il consenso di quest\u2019ultimo, basandosi, a seconda dei casi, sulla necessit\u00e0 di dar corso ad una sua richiesta ovvero sull\u2019interesse legittimo della Societ\u00e0;<\/li>\n<li>i cookie di profilazione, utilizzati per ricondurre a soggetti determinati, identificati o identificabili, specifiche azioni o schemi comportamentali ricorrenti nell\u2019uso delle funzionalit\u00e0 offerte (pattern) al fine del raggruppamento dei diversi profili all\u2019interno di cluster omogenei di diversa ampiezza, in modo che sia possibile inviare messaggi pubblicitari sempre pi\u00f9 mirati, cio\u00e8 in linea con le preferenze manifestate dall\u2019utente nell\u2019ambito della navigazione in rete; questa tipologia di cookie pu\u00f2 essere scaricata sul terminale dell\u2019utente solo previso consenso di quest\u2019ultimo.<\/li>\n<\/ul>\n<p>I cookie possono anche essere utilizzati anche per valutare l\u2019efficacia di un servizio della societ\u00e0 dell\u2019informazione fornito da un publisher, per la progettazione di un sito web o per contribuire a misurarne il \u201ctraffico\u201d, cio\u00e8 il numero di visitatori anche eventualmente ripartiti per area geografica, fascia oraria della connessione o altre caratteristiche. Tali identificativi, definiti cookie analytics, possono essere ricompresi nella categoria di quelli tecnici, e come tali essere utilizzati in assenza della previa acquisizione del consenso dell\u2019interessato, al verificarsi delle seguenti condizioni:<\/p>\n<ul>\n<li>vengono utilizzati unicamente per produrre statistiche aggregate e in relazione ad un singolo sito o una sola applicazione mobile;<\/li>\n<li>viene mascherata, per quelli di terze parti, almeno la quarta componente dell\u2019indirizzo IP;<br \/>\nle terze parti si astengono dal combinare tali cookie analytics con altre elaborazioni (file dei clienti o statistiche di visite ad altri siti, ad esempio) o dal trasmetterli a terzi.<\/li>\n<\/ul>\n<p>Se non ricorrono questi presupposti, anche i cookie analytics richiedono il consenso dell\u2019utente per poter essere scaricati.<\/p>\n<p>I cookie, infine, possono anche essere utilizzati per consentire interazioni e una facile condivisione dei contenuti sui social network e\/o per consentire l\u2019invio di messaggi pubblicitari mirati sulla base delle preferenze dell\u2019utente (cookie social); anche tali cookie richiedono il consenso dell\u2019utente.<\/p>\n<h3>Elenco dei cookie utilizzati dal Sito<\/h3>\n<p><strong>Necessari:<\/strong> I cookie necessari sono assolutamente essenziali per il corretto funzionamento del sito web. Questi cookie garantiscono le funzionalit\u00e0 di base e le caratteristiche di sicurezza del sito web, in modo anonimo.<\/p>\n<p><strong>Analitici:<\/strong> I cookie analitici vengono utilizzati per capire come i visitatori interagiscono con il sito web. Questi cookie aiutano a fornire informazioni sulle metriche del numero di visitatori, frequenza di rimbalzo, fonte di traffico, ecc.<\/p>\n<p><strong>Annunci:<\/strong> I cookie pubblicitari vengono utilizzati per fornire ai visitatori annunci e campagne di marketing pertinenti. Questi cookie tracciano i visitatori attraverso i siti Web e raccolgono informazioni per fornire annunci personalizzati.<\/p>\n<p><strong>Funzionali:<\/strong> I cookie funzionali aiutano a svolgere determinate funzionalit\u00e0 come la condivisione del contenuto del sito Web su piattaforme di social media, la raccolta di feedback e altre funzionalit\u00e0 di terze parti.<\/p>\n<p><strong>Prestazioni:<\/strong> I cookie per le prestazioni vengono utilizzati per comprendere e analizzare gli indici chiave delle prestazioni del sito Web che aiutano a fornire una migliore esperienza utente per i visitatori.<\/p>\n<p>Di seguito l&#039;elenco dei cookies utilizzati dal sito:<\/p><table class=\"cookielawinfo-row-cat-table cookielawinfo-classic\"><thead><tr><th class=\"cookielawinfo-column-1\">Cookie<\/th><th class=\"cookielawinfo-column-4\">Descrizione<\/th><\/tr><\/thead><tbody><tr class=\"cookielawinfo-row\"><td class=\"cookielawinfo-column-1\">cookielawinfo-checkbox-advertisement<\/td><td class=\"cookielawinfo-column-4\">Impostato dal plugin GDPR Cookie Consent, questo cookie viene utilizzato per registrare il consenso dell'utente per i cookie nella categoria \"Pubblicit\u00e0\".<\/td><\/tr><tr class=\"cookielawinfo-row\"><td class=\"cookielawinfo-column-1\">cookielawinfo-checkbox-analytics<\/td><td class=\"cookielawinfo-column-4\">Impostato dal plugin GDPR Cookie Consent, questo cookie viene utilizzato per registrare il consenso dell'utente per i cookie nella categoria \"Analytics\".<\/td><\/tr><tr class=\"cookielawinfo-row\"><td class=\"cookielawinfo-column-1\">cookielawinfo-checkbox-functional<\/td><td class=\"cookielawinfo-column-4\">Il cookie \u00e8 impostato dal plugin GDPR Cookie Consent per registrare il consenso dell'utente per i cookie nella categoria \"Funzionali\".<\/td><\/tr><tr class=\"cookielawinfo-row\"><td class=\"cookielawinfo-column-1\">cookielawinfo-checkbox-necessary<\/td><td class=\"cookielawinfo-column-4\">Impostato dal plugin GDPR Cookie Consent, questo cookie viene utilizzato per registrare il consenso dell'utente per i cookie nella categoria \"Necessari\".<\/td><\/tr><tr class=\"cookielawinfo-row\"><td class=\"cookielawinfo-column-1\">cookielawinfo-checkbox-others<\/td><td class=\"cookielawinfo-column-4\">Impostato dal plugin GDPR Cookie Consent, questo cookie viene utilizzato per memorizzare il consenso dell'utente per i cookie nella categoria \"Altri\".<\/td><\/tr><tr class=\"cookielawinfo-row\"><td class=\"cookielawinfo-column-1\">cookielawinfo-checkbox-performance<\/td><td class=\"cookielawinfo-column-4\">Impostato dal plugin GDPR Cookie Consent, questo cookie viene utilizzato per registrare il consenso dell'utente per i cookie nella categoria \"Analitica\".<\/td><\/tr><tr class=\"cookielawinfo-row\"><td class=\"cookielawinfo-column-1\">CookieLawInfoConsent<\/td><td class=\"cookielawinfo-column-4\">Registra lo stato del pulsante predefinito della categoria corrispondente e lo stato del CCPA. Funziona solo in coordinamento con il cookie principale.<\/td><\/tr><tr class=\"cookielawinfo-row\"><td class=\"cookielawinfo-column-1\">PHPSESSID<\/td><td class=\"cookielawinfo-column-4\">Questo cookie \u00e8 nativo per le applicazioni PHP. Il cookie viene utilizzato per memorizzare e identificare l'ID di sessione univoco di un utente allo scopo di gestire la sessione dell'utente sul sito web. Il cookie \u00e8 un cookie di sessione e viene eliminato alla chiusura di tutte le finestre del browser.<\/td><\/tr><tr class=\"cookielawinfo-row\"><td class=\"cookielawinfo-column-1\">swpm_session<\/td><td class=\"cookielawinfo-column-4\">Questo cookie \u00e8 impostato dal Plugin di iscrizione Simple WordPress. Questo cookie viene utilizzato per la sessione di accesso dell'iscrizione e per fornire l'accesso ai contenuti protetti sul sito Web. Questo cookie conserva i record di accesso in modo che l'utente non voglia autorizzare ogni volta mentre si passa alla pagina successiva.<\/td><\/tr><tr class=\"cookielawinfo-row\"><td class=\"cookielawinfo-column-1\">_ga<\/td><td class=\"cookielawinfo-column-4\">Il cookie _ga, installato da Google Analytics, calcola i dati di visitatori, sessioni e campagne e tiene anche traccia dell'utilizzo del sito per il rapporto di analisi del sito. Il cookie memorizza le informazioni in modo anonimo e assegna un numero generato casualmente per riconoscere i visitatori unici.<\/td><\/tr><tr class=\"cookielawinfo-row\"><td class=\"cookielawinfo-column-1\">_gat<\/td><td class=\"cookielawinfo-column-4\">Questo cookie \u00e8 installato da Google Universal Analytics per limitare il tasso di richiesta e quindi limitare la raccolta di dati su siti ad alto traffico.<\/td><\/tr><tr class=\"cookielawinfo-row\"><td class=\"cookielawinfo-column-1\">_gid<\/td><td class=\"cookielawinfo-column-4\">Installato da Google Analytics, il cookie _gid memorizza informazioni su come i visitatori utilizzano un sito Web, creando anche un rapporto analitico delle prestazioni del sito Web. Alcuni dei dati che vengono raccolti includono il numero dei visitatori, la loro origine e le pagine che visitano in modo anonimo.<\/td><\/tr><\/tbody><\/table>\n<h3>Diritti in materia di protezione dei dati<\/h3>\n<p>Ogni utente ha diritto di ottenere dalla Societ\u00e0, previa sussistenza del presupposto giuridico alla base della richiesta:<\/p>\n<ul>\n<li>l\u2019accesso ai dati personali che lo riguardano, nonch\u00e9 la loro rettifica;<\/li>\n<li>la cancellazione dei dati personali;<\/li>\n<li>la rettifica dei dati personali in possesso della Societ\u00e0;<\/li>\n<li>la revoca del consenso nei casi in cui il trattamento si basi sul consenso;<\/li>\n<li>la limitazione del trattamento dei dati personali;<\/li>\n<li>la copia dei dati personali conferiti dagli utenti alla Societ\u00e0, in un formato strutturato, di uso comune e leggibile da dispositivo automatico (portabilit\u00e0) e la trasmissione di tali dati personali ad un altro titolare del trattamento.<\/li>\n<\/ul>\n<p>Diritto di opposizione: oltre ai diritti in precedenza elencati, l\u2019utente ha sempre diritto di opporsi in qualsiasi momento, per motivi connessi alla sua situazione particolare, al trattamento dei suoi dati personali svolto dalla Societ\u00e0 per il perseguimento del proprio legittimo interesse e al trattamento dei suoi dati personali per finalit\u00e0 di marketing.<\/p>\n<p>Nel caso in cui l\u2019utente esercitasse uno qualsiasi dei summenzionati diritti, sar\u00e0 onere della Societ\u00e0 verificare che lo stesso sia legittimato ad esercitarlo e sar\u00e0 dato riscontro, di regola, entro un mese.<\/p>\n<p>Nel caso che l\u2019utente ritenga che il trattamento dei suoi dati personali avvenga in violazione di quanto previsto dalla normativa applicabile in materia di protezione dei dati personali, ha il diritto di proporre reclamo al Garante per la protezione dei dati personali, utilizzando i riferimenti disponibili nel sito internet https:\/\/www.garanteprivacy.it\/, o di adire le opportune sedi giudiziarie.<\/p>\n<p><strong>Contatti<\/strong><\/p>\n<p>I dati di contatto della Societ\u00e0, quale titolare del trattamento, sono i seguenti: Newsteca S.r.l. Via Larga, 6, 20122, Milano. Per esercitare i Suoi diritti potr\u00e0 contattare la Societ\u00e0 tramite Email: privacy@newsteca.it.<\/p>\n","protected":false},"excerpt":{"rendered":"<p>Newsteca srl (\u201cSociet\u00e0\u201d) fornisce di seguito le informazioni relative ai dati di navigazione e al funzionamento dei cookie, all\u2019interno del sito www.missionfleetawards.it (\u201cSito\u201d), anche sulla base delle indicazioni fornite dal Garante per la protezione dei dati personali. L\u2019informativa che segue \u00e8 resa per il Sito e non anche per altri siti web di soggetti terzi&hellip;<\/p>\n","protected":false},"author":1,"featured_media":0,"parent":0,"menu_order":0,"comment_status":"closed","ping_status":"closed","template":"","meta":{"ngg_post_thumbnail":0,"footnotes":""},"_links":{"self":[{"href":"https:\/\/missionfleetawards.it\/index.php\/wp-json\/wp\/v2\/pages\/656"}],"collection":[{"href":"https:\/\/missionfleetawards.it\/index.php\/wp-json\/wp\/v2\/pages"}],"about":[{"href":"https:\/\/missionfleetawards.it\/index.php\/wp-json\/wp\/v2\/types\/page"}],"author":[{"embeddable":true,"href":"https:\/\/missionfleetawards.it\/index.php\/wp-json\/wp\/v2\/users\/1"}],"replies":[{"embeddable":true,"href":"https:\/\/missionfleetawards.it\/index.php\/wp-json\/wp\/v2\/comments?post=656"}],"version-history":[{"count":6,"href":"https:\/\/missionfleetawards.it\/index.php\/wp-json\/wp\/v2\/pages\/656\/revisions"}],"predecessor-version":[{"id":6007,"href":"https:\/\/missionfleetawards.it\/index.php\/wp-json\/wp\/v2\/pages\/656\/revisions\/6007"}],"wp:attachment":[{"href":"https:\/\/missionfleetawards.it\/index.php\/wp-json\/wp\/v2\/media?parent=656"}],"curies":[{"name":"wp","href":"https:\/\/api.w.org\/{rel}","templated":true}]}}