{"id":4272,"date":"2020-04-23T11:22:21","date_gmt":"2020-04-23T09:22:21","guid":{"rendered":"https:\/\/missionfleetawards.it\/?page_id=4272"},"modified":"2021-04-23T11:54:30","modified_gmt":"2021-04-23T09:54:30","slug":"italo-romano-responsible-care-committee-leader-general-services-fleet-sumitomo-chemical-italia","status":"publish","type":"page","link":"https:\/\/missionfleetawards.it\/index.php\/candidati-4\/giuria-2020\/italo-romano-responsible-care-committee-leader-general-services-fleet-sumitomo-chemical-italia\/","title":{"rendered":"Italo Romano &#8212; Responsible Care Committee leader, General Services &#038; Fleet &#8211; SUMITOMO CHEMICAL Italia"},"content":{"rendered":"\n<p>Responsabile delle attivit\u00e0 in ambito Qualit\u00e0, Sicurezza e Ambiente \u00e8 sempre pi\u00f9 coinvolto nella gestione del rischio (assicurazioni e contenziosi) e nelle tematiche di conformit\u00e0 legislativa in ambito chimico con particolare riferimento al commercio degli agrofarmaci, alla responsabilit\u00e0 penale degli enti, alla normativa sulla protezione dei dati personali (GDPR) ed alla tutela della concorrenza.<\/p>\n\n\n\n<p>Dal 2014 gestisce in totale autonomia il parco auto aziendale con l\u2019obbiettivo di razionalizzare ed ottimizzare le risorse e di ridurre l\u2019impatto ambientale; dal 2019 \u00e8 responsabile dell\u2019intera l\u2019attivit\u00e0 dei Servizi Generali per la sede di Milano.<\/p>\n","protected":false},"excerpt":{"rendered":"<p>Responsabile delle attivit\u00e0 in ambito Qualit\u00e0, Sicurezza e Ambiente \u00e8 sempre pi\u00f9 coinvolto nella gestione del rischio (assicurazioni e contenziosi) e nelle tematiche di conformit\u00e0 legislativa in ambito chimico con particolare riferimento al commercio degli agrofarmaci, alla responsabilit\u00e0 penale degli enti, alla normativa sulla protezione dei dati personali (GDPR) ed alla tutela della concorrenza. Dal&hellip;<\/p>\n","protected":false},"author":1,"featured_media":4233,"parent":4899,"menu_order":9,"comment_status":"closed","ping_status":"closed","template":"template.juror.php","meta":{"ngg_post_thumbnail":0,"footnotes":""},"_links":{"self":[{"href":"https:\/\/missionfleetawards.it\/index.php\/wp-json\/wp\/v2\/pages\/4272"}],"collection":[{"href":"https:\/\/missionfleetawards.it\/index.php\/wp-json\/wp\/v2\/pages"}],"about":[{"href":"https:\/\/missionfleetawards.it\/index.php\/wp-json\/wp\/v2\/types\/page"}],"author":[{"embeddable":true,"href":"https:\/\/missionfleetawards.it\/index.php\/wp-json\/wp\/v2\/users\/1"}],"replies":[{"embeddable":true,"href":"https:\/\/missionfleetawards.it\/index.php\/wp-json\/wp\/v2\/comments?post=4272"}],"version-history":[{"count":2,"href":"https:\/\/missionfleetawards.it\/index.php\/wp-json\/wp\/v2\/pages\/4272\/revisions"}],"predecessor-version":[{"id":4297,"href":"https:\/\/missionfleetawards.it\/index.php\/wp-json\/wp\/v2\/pages\/4272\/revisions\/4297"}],"up":[{"embeddable":true,"href":"https:\/\/missionfleetawards.it\/index.php\/wp-json\/wp\/v2\/pages\/4899"}],"wp:featuredmedia":[{"embeddable":true,"href":"https:\/\/missionfleetawards.it\/index.php\/wp-json\/wp\/v2\/media\/4233"}],"wp:attachment":[{"href":"https:\/\/missionfleetawards.it\/index.php\/wp-json\/wp\/v2\/media?parent=4272"}],"curies":[{"name":"wp","href":"https:\/\/api.w.org\/{rel}","templated":true}]}}