{"id":4258,"date":"2020-04-23T10:58:49","date_gmt":"2020-04-23T08:58:49","guid":{"rendered":"https:\/\/missionfleetawards.it\/?page_id=4258"},"modified":"2021-04-23T11:40:16","modified_gmt":"2021-04-23T09:40:16","slug":"valeria-braidotti","status":"publish","type":"page","link":"https:\/\/missionfleetawards.it\/index.php\/candidati-4\/giuria-2020\/valeria-braidotti\/","title":{"rendered":"Valeria Braidotti &#8212; Head of Procurement Mobility Services &#8211; SIEMENS S.p.A."},"content":{"rendered":"\n<p>Responsabile dell\u2019approvvigionamento strategico dei servizi di Travel, Marketing &amp; Comunicazione e Flotta aziendale per tutte le societ\u00e0 del gruppo Siemens in Italia.<\/p>\n\n\n\n<p>Laureata in Ingegneria Elettrica presso il Politecnico di Milano con un Master in Business Administration presso Henley Management College (UK), ha maturato una forte esperienza di vendita di servizi e soluzioni complesse in aziende multinazionali in ambito ICT, arrivando successivamente ad assumere la responsabilit\u00e0 del Project Management Office e dell\u2019Innovazione per il Gruppo Siemens in Italia.<\/p>\n\n\n\n<p>Durante questo periodo ha gestito le collaborazioni con le Universit\u00e0 e lo scouting di nuove tecnologie e ha guidato l\u2019implementazione dei processi di project management, dalla fase di offerta a quella di esecuzione.<\/p>\n\n\n\n<p>Grazie all\u2019esperienza maturata nella vendita e nella governance dei progetti di clienti in diversi settori di business, nel 2017 ha assunto la responsabilit\u00e0 degli acquisti strategici relativi ai servizi legati alla Mobilit\u00e0 e poco dopo le \u00e8 stato assegnato anche il ruolo di Mobility Manager aziendale.<\/p>\n\n\n\n<p>Ha la piena responsabilit\u00e0 della gestione end to end delle attivit\u00e0 di Travel (circa 2500 viaggiatori) e Fleet (circa 1600 vetture), dal piano strategico fino all\u2019erogazione dei servizi, con un focus alla qualit\u00e0 del servizio, alla riduzione del TCO e all\u2019introduzione di soluzioni innovative ed in linea con gli obiettivi di sostenibilit\u00e0 aziendale.<\/p>\n","protected":false},"excerpt":{"rendered":"<p>Responsabile dell\u2019approvvigionamento strategico dei servizi di Travel, Marketing &amp; Comunicazione e Flotta aziendale per tutte le societ\u00e0 del gruppo Siemens in Italia. Laureata in Ingegneria Elettrica presso il Politecnico di Milano con un Master in Business Administration presso Henley Management College (UK), ha maturato una forte esperienza di vendita di servizi e soluzioni complesse in&hellip;<\/p>\n","protected":false},"author":1,"featured_media":4227,"parent":4899,"menu_order":1,"comment_status":"closed","ping_status":"closed","template":"template.juror.php","meta":{"ngg_post_thumbnail":0,"footnotes":""},"_links":{"self":[{"href":"https:\/\/missionfleetawards.it\/index.php\/wp-json\/wp\/v2\/pages\/4258"}],"collection":[{"href":"https:\/\/missionfleetawards.it\/index.php\/wp-json\/wp\/v2\/pages"}],"about":[{"href":"https:\/\/missionfleetawards.it\/index.php\/wp-json\/wp\/v2\/types\/page"}],"author":[{"embeddable":true,"href":"https:\/\/missionfleetawards.it\/index.php\/wp-json\/wp\/v2\/users\/1"}],"replies":[{"embeddable":true,"href":"https:\/\/missionfleetawards.it\/index.php\/wp-json\/wp\/v2\/comments?post=4258"}],"version-history":[{"count":5,"href":"https:\/\/missionfleetawards.it\/index.php\/wp-json\/wp\/v2\/pages\/4258\/revisions"}],"predecessor-version":[{"id":4306,"href":"https:\/\/missionfleetawards.it\/index.php\/wp-json\/wp\/v2\/pages\/4258\/revisions\/4306"}],"up":[{"embeddable":true,"href":"https:\/\/missionfleetawards.it\/index.php\/wp-json\/wp\/v2\/pages\/4899"}],"wp:featuredmedia":[{"embeddable":true,"href":"https:\/\/missionfleetawards.it\/index.php\/wp-json\/wp\/v2\/media\/4227"}],"wp:attachment":[{"href":"https:\/\/missionfleetawards.it\/index.php\/wp-json\/wp\/v2\/media?parent=4258"}],"curies":[{"name":"wp","href":"https:\/\/api.w.org\/{rel}","templated":true}]}}