{"id":1865,"date":"2016-09-21T11:34:29","date_gmt":"2016-09-21T09:34:29","guid":{"rendered":"http:\/\/missionfleetawards.it\/?page_id=1865"},"modified":"2019-11-14T17:00:04","modified_gmt":"2019-11-14T16:00:04","slug":"fabio-curtacci-manager-cards-sales-operations-kuwai-petroleum-italia","status":"publish","type":"page","link":"https:\/\/missionfleetawards.it\/index.php\/candidati-4\/giuria\/fabio-curtacci-manager-cards-sales-operations-kuwai-petroleum-italia\/","title":{"rendered":"Fabio Curtacci &#8212; Italy Cards Sales&#038;Operations Manager -Kuwait Petroleum Italia <strong>(Prender\u00e0 parte esclusivamente alla valutazione dei Fleet Manager)<\/strong>"},"content":{"rendered":"<p><strong>Fabio Curtacci,<\/strong> Manager Cards Sales &amp; Operations, 44 anni laureato in economia e da oltre 15 anni nell\u2019energy, \u00e8 un esperto del mondo retail e di sistemi di pagamento evoluti.<\/p>\n<p>Passione, che a tratti diviene ossessione per il futuro, l\u2019innovazione, le nuove forme di mobilit\u00e0 e le nuove interazioni tra le persone e le cose.<\/p>\n<p>Eternamente alla ricerca di nuovi confini e di nuovi equilibri tra: complessit\u00e0 e semplicit\u00e0, razionalit\u00e0 e creativit\u00e0.\u201d<\/p>\n","protected":false},"excerpt":{"rendered":"<p>Fabio Curtacci, Manager Cards Sales &amp; Operations, 44 anni laureato in economia e da oltre 15 anni nell\u2019energy, \u00e8 un esperto del mondo retail e di sistemi di pagamento evoluti. Passione, che a tratti diviene ossessione per il futuro, l\u2019innovazione, le nuove forme di mobilit\u00e0 e le nuove interazioni tra le persone e le cose.&hellip;<\/p>\n","protected":false},"author":1,"featured_media":3815,"parent":421,"menu_order":20,"comment_status":"closed","ping_status":"closed","template":"template.juror.php","meta":{"ngg_post_thumbnail":0,"footnotes":""},"_links":{"self":[{"href":"https:\/\/missionfleetawards.it\/index.php\/wp-json\/wp\/v2\/pages\/1865"}],"collection":[{"href":"https:\/\/missionfleetawards.it\/index.php\/wp-json\/wp\/v2\/pages"}],"about":[{"href":"https:\/\/missionfleetawards.it\/index.php\/wp-json\/wp\/v2\/types\/page"}],"author":[{"embeddable":true,"href":"https:\/\/missionfleetawards.it\/index.php\/wp-json\/wp\/v2\/users\/1"}],"replies":[{"embeddable":true,"href":"https:\/\/missionfleetawards.it\/index.php\/wp-json\/wp\/v2\/comments?post=1865"}],"version-history":[{"count":6,"href":"https:\/\/missionfleetawards.it\/index.php\/wp-json\/wp\/v2\/pages\/1865\/revisions"}],"predecessor-version":[{"id":3925,"href":"https:\/\/missionfleetawards.it\/index.php\/wp-json\/wp\/v2\/pages\/1865\/revisions\/3925"}],"up":[{"embeddable":true,"href":"https:\/\/missionfleetawards.it\/index.php\/wp-json\/wp\/v2\/pages\/421"}],"wp:featuredmedia":[{"embeddable":true,"href":"https:\/\/missionfleetawards.it\/index.php\/wp-json\/wp\/v2\/media\/3815"}],"wp:attachment":[{"href":"https:\/\/missionfleetawards.it\/index.php\/wp-json\/wp\/v2\/media?parent=1865"}],"curies":[{"name":"wp","href":"https:\/\/api.w.org\/{rel}","templated":true}]}}